when 7 is divided by h(j)?
1
Suppose -3*n + 0*n + 9 = 0. Let u be ((-9)/n - -5)*3. What is the remainder when -62*(3/u + -1) is divided by 11?
9
Let r(l) = -l**3 - 2*l**2 + 4*l. Let o = 7 + -11. Calculate the remainder when 47 is divided by r(o).
15
Let k = 5 + -4. Let q(p) = p + 5. Let m(w) = w - 1. Let c(y) = k*q(y) + 5*m(y). What is the remainder when 17 is divided by c(1)?
5
Suppose -4*l = -5*f + 95, f - 3*l + 7*l = -5. What is the remainder when 59 is divided by f?
14
Calculate the remainder when 36 is divided by 76/6 + (-5)/(-15).
10
Calculate the remainder when (-12 - 0)*(-10)/4 + -4 is divided by 6.
2
Let f = 39 + -30. What is the remainder when 125 is divided by f?
8
Let d = 3 - 5. Let z = 8 + d. Calculate the remainder when 15 is divided by z.
3
Let m(s) = -5*s + 5. Suppose 24 = 2*y - 2*z - 56, -4*y = 4*z - 152. What is the remainder when y is divided by m(-3)?
19
Suppose 50 = 4*p - 182. Calculate the remainder when p is divided by 20.
18
Suppose -4*m + 258 = 2*m. Calculate the remainder when 212 is divided by m.
40
Suppose 0 = -5*l + 5*o + 20, -l - 4*o = -7 - 7. Let s(d) = -d**2 + 10*d + 3. Calculate the remainder when (-8)/10*(-345)/l is divided by s(7).
22
Let b = -28 + 48. Calculate the remainder when 77 is divided by b.
17
Let f be (-2)/(-4)*1*-84. Let g(o) = o**3 - 4*o**2 + 2*o - 8. Let t be g(6). Let y = t + f. Calculate the remainder when y is divided by 12.
10
Calculate the remainder when 46 is divided by 18/12 + 21/2.
10
Let r = -3 + 6. Let g(n) = n**3 - 4*n**2 + 2*n. Let j be g(r). Calculate the remainder when 53 is divided by (-4 - 3)*j + -3.
17
Suppose 9 = 8*q - 5*q. Suppose 4*m - 315 = q*u, 0 = 3*m - 4*u + u - 237. Calculate the remainder when m is divided by 20.
18
Let r be 0 + -2 - 1*-4. Suppose 0*y = -r*y + 76. Suppose -4*g = -2*g - 26. Calculate the remainder when y is divided by g.
12
Calculate the remainder when 5 is divided by (-9)/(-12) - 2/(-8)*17.
0
Let d be (33/9 - 3)*3. Calculate the remainder when (12/(-18))/(d/(-87)) is divided by 15.
14
Calculate the remainder when (456/10)/((-51)/(-170)) is divided by 39.
35
Let g(c) be the first derivative of c**3/3 + c**2 - 2*c - 1. What is the remainder when 3/(-15) + (-33)/(-15) is divided by g(-3)?
0
Suppose 4*c = -3*n + 115, 2*c = c + 4. What is the remainder when 130 is divided by n?
31
Let w(k) = 15*k - 91. What is the remainder when w(11) is divided by ((-1)/(-2))/((-1)/(-50))?
24
Calculate the remainder when (-27)/(-6)*19*(-4)/(-6) is divided by 16.
9
Let o be ((-4)/(-3))/((-5)/(-15)). Suppose -20 = -4*u + 4*f - o, 0 = -5*u + f + 12. Calculate the remainder when 2 is divided by u.
0
Suppose -3*z - 450 = -4*p, 4*z + 252 = 5*p - 310. Let v = 50 - 21. What is the remainder when p is divided by v?
27
Let w(g) = g**2 - 2*g - 16. What is the remainder when 186 is divided by w(-7)?
45
Let k(t) = 4*t**2 - 2*t + 7. Let u(i) = -5*i**2 + 3*i - 6. Let w(x) = 4*k(x) + 3*u(x). Calculate the remainder when w(0) is divided by 4.
2
Suppose 4*k = -3*a - 0*k + 44, 5*k = -a. Let r = a - -17. Let o = r - 25. What is the remainder when 23 is divided by o?
11
Suppose -43 + 307 = 11*s. What is the remainder when s is divided by 15?
9
Suppose -2*j + 5*v + 42 = 0, 0 = -2*j - 5*v - 0 + 2. Calculate the remainder when 21 is divided by j.
10
Let i = 36 - 11. Calculate the remainder when i is divided by 14.
11
Let z = -11 + 20. Suppose 2*q = j + 6, 4*q + 3*j - 38 + 6 = 0. What is the remainder when z is divided by q?
4
Suppose -2*g + 2 = -g. Calculate the remainder when 2 is divided by (1 + (-1)/(-1))/g.
0
Suppose -l = 4*l. Suppose l = 3*q - 3, -q + 49 = 2*g. What is the remainder when g is divided by 9?
6
Suppose 0 = -0*x - 5*x + 370. Suppose i - 5*i - x = -5*m, 1 = -i. What is the remainder when 55 is divided by m?
13
Let j be (3/(-2))/(1/2). Let o(f) be the third derivative of f**5/30 - f**4/12 + f**3/2 + 3*f**2. What is the remainder when o(j) is divided by 14?
13
Suppose -2*t - 5*g + 2 + 17 = 0, 2*t - 16 = -4*g. Suppose 0 = -t*w + 18 - 0. What is the remainder when w is divided by 6?
3
Suppose 39 = -i + 4*i. Calculate the remainder when i is divided by 4.
1
Let d be (-1*(-4 + 0))/1. Let f be 3 + (-5)/1 + 118. Suppose -d*a = -0*a - f. Calculate the remainder when a is divided by 10.
9
Suppose -3*u = 2*u - 20. Suppose -s + 3*b = -0*b - 7, u*b = s - 3. Calculate the remainder when s is divided by 10.
9
Suppose 4*n - 24 = 4*g, -2*g + 0 = 4. Suppose 2*s = n*s - 40. Calculate the remainder when 79 is divided by s.
19
Let w be 2 - (3 - -20)*1. Let o = w - -36. Suppose 3*n - 2*v - 142 = 0, -151 = -4*n - 2*v + 15. What is the remainder when n is divided by o?
14
Let a = 15 - 15. Suppose -2*d = -a*d - 14. Calculate the remainder when 9 is divided by d.
2
Let j(w) = -w**2 + w. Let d be j(0). Suppose -68 - 30 = -2*l + 2*y, -l + 5*y + 57 = d. Calculate the remainder when l is divided by 16.
15
Let o = 2 - -4. Suppose 4*v - o = 10. What is the remainder when 31 is divided by 2/v + 62/4?
15
Suppose 5*w - 3*w = 16. Let k(p) = -2*p**3 - 13*p**2 - 14*p - 17. Calculate the remainder when k(-6) is divided by w.
7
Let l = 132 + -94. Calculate the remainder when 69 is divided by l.
31
Suppose 39 = -4*q - 17. Let v = q - -29. Calculate the remainder when 57 is divided by v.
12
Let i(y) = -y. Let o be i(5). What is the remainder when 13 is divided by (-37)/o + (-4)/10?
6
Suppose -3*y + 4 - 1 = 0. Let n = 4 + y. Suppose -n*x + 41 = -x + 5*w, -3*x = -4*w + 8. What is the remainder when 15 is divided by x?
3
Suppose 15*o = 11*o - 128. Let f = -26 - o. Suppose -4*c + 23 + 41 = 0. Calculate the remainder when c is divided by f.
4
Let d = 69 + -36. Suppose 62 = 3*u + u + 3*f, -78 = -4*u + 5*f. What is the remainder when d is divided by u?
16
Let m(t) be the second derivative of t**5/20 - 3*t**4/4 - 7*t**3/3 - 7*t**2/2 - 6*t. Calculate the remainder when m(11) is divided by 21.
18
Suppose -s - 4 = -4*q + 11, 3*s = -9. Let i = -528 + 530. Calculate the remainder when q is divided by i.
1
Let w(p) = p**3 - p**2 + p + 1. Let i be w(0). Calculate the remainder when 84/5 + (-96)/(-30) + -3 is divided by 34/6 + i/3.
5
Let v be (-2)/(-4) - (-63)/2. Suppose t + t = v. What is the remainder when ((-2)/4)/(1/(-62)) is divided by t?
15
Calculate the remainder when (385/33)/(1/9) is divided by 18.
15
Suppose r - 8 = -r. What is the remainder when (-24)/(-2) - 24/8 is divided by r?
1
Let y = 0 + 28. Let i(l) = l**2 - 6*l + 8. What is the remainder when y is divided by i(7)?
13
Let z = -5 + 5. Suppose 2*w - 19 + 5 = z. Calculate the remainder when 12 is divided by w.
5
Calculate the remainder when 56 is divided by -4 + 1 - (-15 + -7).
18
Let i = 275 + -254. Suppose 0*o = -o + 30. Let c = o - 18. Calculate the remainder when i is divided by c.
9
Suppose f = -4, 18 = 5*p + 5*f - 52. Let a = 11 + -6. Suppose 30 = a*o - 2*o. What is the remainder when p is divided by o?
8
Let n(h) = h**2 - 2*h - 2. Let o be n(5). Suppose 5*y + 16 = 2*b, -2*b + 4*y + o = -1. Calculate the remainder when 6 is divided by b.
0
Let p(v) = -v + 21. Let t be p(0). Suppose 2*x = x + t. What is the remainder when x is divided by 8?
5
Let d(s) = 8*s**2 - 2*s - 4. What is the remainder when 125 is divided by d(-2)?
29
Let h = 7 + -4. Suppose -2*l - 5 - 5 = 0, 2*i - 5*l - 35 = 0. Suppose -10 = -i*z + 15. What is the remainder when z is divided by h?
2
Let o be (0*1/3)/2. Let x be 1 + (o - (-1 + 0)). Suppose -x*a - 2*t + 18 = 0, 3*a + 5*t + 17 = 46. What is the remainder when 22 is divided by a?
6
Let p(a) = -2*a + 7. Let o(y) = -y + 3. Let g(b) = 5*o(b) - 3*p(b). Let d be g(0). What is the remainder when 27 is divided by -1 + -1 - 96/d?
13
Suppose -s + 2 + 2 = 0. Suppose s*p - 8 = -4*u + 4, 3*p + 21 = 3*u. Calculate the remainder when u is divided by 15/3 + (-5 - (1 - 4)).
2
Suppose -2*o - 6*v = -2*v - 28, 5*v = -2*o + 30. Calculate the remainder when 28 is divided by o.
8
Let d(l) = l**3 + 4*l**2 + 3*l - 2. Let n be d(-3). Let r = 4 + n. Calculate the remainder when (2 - -8)*(-1)/(-2) is divided by r.
1
Suppose 26 = 3*s - s. Calculate the remainder when (357/(-6))/17*-14 is divided by s.
10
Suppose o - 3*a = 3, 0 = 4*o + 4*a - 0*a - 76. What is the remainder when 23 is divided by o?
8
Suppose 4*w - 5*d = 11, 4*w - 4 = 2*w + 2*d. Let a(v) be the second deri